 the greatest common factor of 21 and r?
7
Let q(a) = -27*a - 2. Let p be q(-5). What is the greatest common factor of p and 19?
19
Let b = -39 - -51. Calculate the highest common divisor of 4 and b.
4
Let t(d) = 2*d**2 - d + 1. Let v be t(5). Calculate the highest common divisor of 115 and v.
23
Let s(x) = -x**2 - 10*x - 10. Let v be s(-7). Calculate the greatest common divisor of v and 121.
11
Let y(t) be the first derivative of t**2/2 + 21*t + 2. Let z be y(-9). Calculate the highest common factor of z and 60.
12
Let t(n) = n + 204. Let o be -3 + 4 - 1/1. Let u be t(o). Let m = -94 + u. What is the greatest common factor of 10 and m?
10
Suppose 0 = -3*h + 3*v + 45, 4*h - 2*v - 3*v - 59 = 0. Suppose 352 = 2*y + 3*b, 0 = y + 3*b - 0*b - 176. Calculate the highest common factor of h and y.
16
Suppose 3*p = -4*j + 105 - 1, 0 = -2*p - 4*j + 64. What is the highest common factor of 60 and p?
20
Suppose a = -3*a - 4. Let c be 2 + 3/a + 2. Calculate the highest common divisor of 9 and c.
1
Let q = -9 - -12. Suppose 5*j - q - 42 = 0. What is the highest common factor of 63 and j?
9
Suppose 0*b - 5*b = -665. Let r(h) = 10*h. Let x be r(2). Suppose x = 5*t - 75. Calculate the greatest common factor of b and t.
19
Suppose 4*a - 3*b = 11, 0*a - 6 = -2*a + 2*b. Calculate the highest common divisor of a and 2.
2
Suppose -2*n + 196 = o - 6, 214 = 2*n + 4*o. Calculate the greatest common factor of n and 9.
9
Let l = -10 - -38. What is the greatest common divisor of 84 and l?
28
Let n = 2 - -1. Let v = 105 - 72. Calculate the greatest common factor of v and n.
3
Let v = -5 - -4. Let z(p) = 8*p**2 - p - 1. Let l be z(v). Let u(k) = -k**2 + 7*k - 2. Let t be u(5). Calculate the highest common divisor of t and l.
8
Suppose 5*t = -3*g + 59, 4*g - t + 5*t - 68 = 0. What is the greatest common factor of 13 and g?
13
Suppose -3*n + 5*u = -35, 4*u = 5*n - 20 - 21. Suppose -3*x - x + 27 = p, -5*p + x = -177. What is the greatest common divisor of p and n?
5
Suppose -3*p = -5*p - 6. Let g be 4*(p/3)/(-2). Suppose 6*i - 4*i - 14 = -2*r, -13 = -r + i. Calculate the greatest common divisor of g and r.
2
Let b = 2 + 24. Calculate the greatest common divisor of 65 and b.
13
Let l(s) = 3*s**2 + 3*s + 2. Let u be l(-3). What is the greatest common factor of 4 and u?
4
Let u = 14 + 2. Suppose 6*k - u = 2*k. Suppose k*o - o - 30 = 0. Calculate the highest common factor of 90 and o.
10
Let z = 9 + -6. Let b = 154 - -20. Suppose -3*w + b = 3*l, -z*w - 3*l = 2*w - 282. What is the greatest common divisor of w and 18?
18
Let r be 10/(-15) + 2/(-12)*-316. What is the highest common divisor of r and 156?
52
Let z be 6/27*(2 - -7). Let b be 10*1 + 1*2. What is the highest common factor of b and z?
2
Let f = 258 + -182. Let j = -27 - -46. What is the greatest common factor of j and f?
19
Let z be ((-5)/(-2))/((-5)/(-50)). Let t be (3/2)/((-57)/(-190)). What is the highest common factor of t and z?
5
Let r(s) = -s + 5. Let j be r(-8). Let z = -211 + 341. What is the greatest common factor of j and z?
13
Let r be 2*84*(-4)/(-8). Calculate the highest common divisor of r and 56.
28
Let o(h) be the second derivative of -h**4/12 + 2*h**3 - 3*h**2/2 - 3*h. Let c be o(9). Calculate the highest common factor of c and 8.
8
Let v be 3/5 + 217/5. Let z = -16 - -27. Calculate the greatest common factor of z and v.
11
Let p = 10 - -12. Suppose n + 3*n = 44. What is the highest common divisor of p and n?
11
Suppose -2*n + 5*j + 2 = 0, -2*j = -n + 3*n - 16. Suppose -t + 40 = -14. What is the greatest common factor of n and t?
6
Let a = -26 + 44. Suppose -10 = g + 4*r, -3*g + r = g + 40. Let b = g + a. Calculate the highest common factor of 8 and b.
8
Let u = 14 + -2. Calculate the greatest common divisor of u and 96.
12
Let c(j) = -j**3 - 3*j**2 - 2*j - 10. Let k be c(-5). Let w(t) = -t**2 - 6*t + 5. Let z be w(-5). Calculate the greatest common factor of z and k.
10
Suppose -3*k = -35 - 10. Suppose h - 43 = k. What is the highest common factor of 29 and h?
29
Let l be ((-4)/5)/((-8)/20). Suppose 0 = 5*y - l*j + 1 - 6, -2*y - j - 7 = 0. Let u be (-30)/4*(y + -1). Calculate the highest common factor of 3 and u.
3
Suppose 5 = -2*s - 1. Let k = 5 - s. Calculate the highest common divisor of k and 64.
8
Let z be (-12 - -21) + (0 - 3). Let s(w) = -135*w**2 + w + 1. Let k be s(-1). Let f be ((-8)/6)/(z/k). Calculate the highest common factor of f and 10.
10
Suppose c - 21 = 4. What is the greatest common divisor of c and 10?
5
Let o = -35 + 40. What is the highest common factor of o and 15?
5
Let s be 96*(-1 + (-2)/(-1)). Calculate the greatest common divisor of 12 and s.
12
Let t = 221 + -214. Suppose 47 = -4*m - 1. Let y = m + 89. What is the greatest common factor of t and y?
7
Suppose -2*w + w - 12 = -2*f, 4 = 2*f - 5*w. Calculate the highest common divisor of 35 and f.
7
Let r be 589/(-4) + (-2)/(-8). Let w = -75 - r. What is the greatest common factor of w and 9?
9
Let l = -46 - -32. Let u = 16 + l. Calculate the highest common divisor of u and 8.
2
Suppose 0 = 4*l + 4*b - 44 + 12, -l + 26 = -5*b. Let g = 221 - 144. What is the greatest common factor of l and g?
11
Suppose -x = 1, -4*m = x - 2 - 49. Let v(t) = 27*t**2 - t. Let j be v(1). What is the highest common divisor of m and j?
13
Let u(s) = 11*s - 3. Let l be u(3). Let c be (1*3)/(5/75). Calculate the greatest common divisor of l and c.
15
Suppose 4*r = -2*o - 3 - 1, -5*o + 4*r + 4 = 0. Suppose -s - 2*s = o. Suppose 5*v - v - 36 = s. Calculate the highest common factor of 63 and v.
9
Let w(v) = v + 5. Let g be w(-3). Let q be (-4)/(g*2/(-8)). Calculate the highest common factor of 12 and q.
4
Suppose -384 = -30*t + 22*t. Calculate the highest common divisor of t and 48.
48
Let k(a) = a**3 + 4*a**2 - 7*a - 7. Let h be k(-4). What is the highest common divisor of h and 84?
21
Let l(h) = h**3 + 2*h**2 - 5*h - 4. Let t be l(-3). Suppose -t*d + 96 = -0*d. Calculate the greatest common factor of 16 and d.
16
Let c = -11 - -4. Let w = c + 4. Let z = 2 - w. Calculate the highest common divisor of 15 and z.
5
Let x be (-6)/27 + (-546)/(-27). Let r = 4 - x. Let m be (-2)/(-4)*(6 - r). What is the greatest common factor of m and 11?
11
Let i be -4 - 0/(-1 + 0). Let c be (-6)/i + 4/(-8). Let v(t) = 16*t. Let s be v(c). Calculate the greatest common factor of 24 and s.
8
Suppose -a = -5 - 0. Suppose 10 = -a*w, w + 5 = 3*g - 3. Let h = 6 - g. What is the greatest common factor of h and 1?
1
Let w be (-2)/(((-6)/20)/3). Let l be w/30 + 37/3. What is the greatest common divisor of l and 52?
13
Suppose -4*i = 2*j - 36, 0 = -2*j + j. Let v = 30 - i. Let p be (v/4)/((-6)/(-16)). Calculate the greatest common factor of 70 and p.
14
Let j(l) be the third derivative of l**4/24 + l**3/2 - l**2. Let u be j(0). Let o be (-3 + -4 + 6)*-2. Calculate the highest common factor of u and o.
1
Let n = 366 - -1219. Let k be 2/(-9) + n/45. Let m(t) = -t**2 + 9*t - 4. Let c be m(6). Calculate the highest common divisor of k and c.
7
Suppose 0 = -3*l + 3*u + 30, 4*l = -0*l + 5*u + 40. What is the greatest common factor of 5 and l?
5
Let c(b) = -b**3 + 7*b**2 - 5*b + 1. Let m be c(5). Suppose -u + m + 54 = 0. What is the greatest common factor of 20 and u?
20
Let v be ((-2)/6)/((-8)/480). Calculate the greatest common factor of v and 80.
20
Let a be 58 - (12/3 - 9). Calculate the greatest common factor of a and 9.
9
Let q(a) = a - 7. Let p be q(9). Suppose w - 20 = 5*k - 1, -23 = -p*w - 5*k. Calculate the greatest common divisor of w and 14.
14
Let q(o) = o**2 - 8*o + 3. Let s be q(4). Let h(i) = -2*i - 15. Let k be h(s). Calculate the highest common factor of k and 33.
11
Suppose 3*b - 15 = 15. What is the highest common factor of b and 90?
10
Let b be (45/18)/(2/68). Calculate the greatest common divisor of b and 17.
17
Let q(i) = 0*i + 3 + 1 - i + 8. Let o be q(0). Calculate the greatest common divisor of o and 3.
3
Let q be 820 + (-3 - (1 + -3)). Let n be (-2)/(-5) + q/15. Calculate the greatest common divisor of 5 and n.
5
Let y(b) = b**3 - 7*b**2 + 3*b + 10. Let w be y(7). Let h = w + -18. Calculate the highest common divisor of h and 65.
13
Let m be 215/4 + (-4)/(-16). Suppose 2*o - m = -o. Calculate the greatest common factor of 72 and o.
18
Suppose 4*v + 8 = 4*a, a